(-153)?
4
Let i(n) = -n**2 - 414*n - 2893. Calculate i(-7).
-44
Let z(q) = -q**3 + 5*q**2 - 11*q - 12. Calculate z(5).
-67
Let z(n) = 6*n - 461. What is z(43)?
-203
Let d(a) = a**2 - 22*a - 13. Determine d(12).
-133
Let s(n) = n**2 - 109*n + 2659. Give s(72).
-5
Let w(f) = 30*f - 468. Give w(15).
-18
Let w(x) = -140*x + 955. What is w(7)?
-25
Let y(v) = -148*v + 5668. What is y(39)?
-104
Let s(d) = d**3 + 7*d**2 - 28*d + 31. What is s(-10)?
11
Let g(z) = -1110*z + 7793. Calculate g(7).
23
Let t(u) = 24*u + 103. Determine t(-6).
-41
Let w(r) = 700*r + 6266. What is w(-9)?
-34
Let k(n) = -28*n - 111. Give k(-3).
-27
Let k(v) = -v**3 + 6*v**2 + 14*v - 29. Calculate k(8).
-45
Let s(c) = c**3 + 11*c**2 + 20*c - 20. What is s(-6)?
40
Let d(f) = 49*f - 3548. Give d(72).
-20
Let w(k) = k**3 + 22*k**2 + 8*k - 3. Determine w(-21).
270
Let u(v) = v**3 + 229*v**2 - 147*v - 33665. Give u(-229).
-2
Let a(s) = 36*s + 772. Determine a(-25).
-128
Let u(a) = -3822*a - 45872. Determine u(-12).
-8
Let j(x) = x**3 - 11*x**2 + 1533*x - 15196. Determine j(10).
34
Let z(j) = -2*j**2 + 87*j + 370. Give z(-4).
-10
Let g(k) = -2*k**3 + 3*k**2 - 2*k - 3. Calculate g(0).
-3
Let g(a) = -a**3 - 48*a**2 + 103*a + 69. What is g(-50)?
-81
Let i(r) = 135*r + 11613. What is i(-86)?
3
Let t(h) = -4*h**2 - 39*h - 27. Give t(-6).
63
Let m(g) = -g**2 - 44*g - 115. Calculate m(-40).
45
Let j(i) = i**3 + 4*i**2 + 58*i + 307. Calculate j(-5).
-8
Let g(w) = 5*w**3 + 35*w**2 + 10*w + 151. What is g(-7)?
81
Let x(h) = h**2 - 68*h + 573. Determine x(58).
-7
Let t(c) = 543*c - 3257. Determine t(6).
1
Let w(h) = -63*h - 243. Determine w(-4).
9
Let s(k) = -k**2 + 6*k + 517. Determine s(-20).
-3
Let g(p) = p**2 - p - 429. Give g(19).
-87
Let m(b) = -2*b**2 + 28*b - 92. What is m(6)?
4
Let l(n) = -2*n**2 + 35*n + 212. What is l(-6)?
-70
Let s(h) = -2*h**2 + 27*h - 99. Give s(12).
-63
Let b(c) = 75*c + 2921. Give b(-39).
-4
Let l(q) = q**3 + 11*q**2 - 27*q - 26. Determine l(-11).
271
Let i(s) = 5791*s - 81067. Determine i(14).
7
Let f(l) = l**3 - 3*l**2 + 10*l - 6. Calculate f(4).
50
Let o(h) = -29*h - 14. Give o(-2).
44
Let w(n) = -2894*n + 5811. Calculate w(2).
23
Let q(p) = p**2 + 3*p + 11. What is q(10)?
141
Let l(a) = 5*a**2 - 573*a + 377. What is l(114)?
35
Let c(t) = 131*t + 2664. Calculate c(-22).
-218
Let k(p) = -7*p**2 - 73*p - 380. Calculate k(-7).
-212
Let v(u) = u**2 + 21*u + 17. Determine v(-27).
179
Let g(i) = -29*i - 234. Give g(-5).
-89
Let j(g) = 7*g**2 + 21*g + 62. Calculate j(-5).
132
Let k(h) = 2*h**2 + 13*h - 94. Calculate k(5).
21
Let b(r) = 13*r**2 - 3*r + 3. Determine b(4).
199
Let h(z) = 610*z - 3058. Calculate h(5).
-8
Let p(u) = -u**3 - 2*u**2 + 12*u + 34. Calculate p(-6).
106
Let z(y) = -7524*y - 22560. Give z(-3).
12
Let u(t) = 38*t**2 + 461*t + 78. What is u(-12)?
18
Let o(b) = b**3 - 3*b**2 + 24*b - 77. Give o(4).
35
Let p(a) = 5*a**3 + 7*a**2 - 9*a - 76. What is p(-5)?
-481
Let y(u) = 196*u + 755. Determine y(-4).
-29
Let y(d) = 8*d**2 - 81*d + 2. Give y(10).
-8
Let d(z) = -z**2 - 23*z + 15129. Determine d(-135).
9
Let b(v) = 134*v + 132. Give b(-1).
-2
Let n(t) = t**2 - 3*t + 72. Give n(6).
90
Let i(d) = 22*d + 107. Determine i(-5).
-3
Let d(l) = -l**3 + l**2 - 3*l - 36. Give d(0).
-36
Let h(w) = -14*w + 166. Determine h(10).
26
Let f(k) = -21*k**2 - 2*k + 15. Calculate f(-3).
-168
Let s(c) = -c**3 - 33*c**2 - 56*c + 119. Determine s(-31).
-67
Let m(x) = x**3 - 35*x**2 + 72*x - 205. Determine m(33).
-7
Let v(m) = -2*m**3 + 9*m**2 + 9*m - 27. Calculate v(4).
25
Let x(m) = -44*m**2 - 4*m + 25. Give x(4).
-695
Let y(x) = -48*x**2 + 1100*x + 82. Calculate y(23).
-10
Let w(v) = v - 46. What is w(40)?
-6
Let y(x) = -2*x**3 + 6*x**2 - 63*x - 159. Give y(-2).
7
Let t(k) = -4*k**2 + 13*k - 8. Calculate t(-5).
-173
Let k(v) = -10*v**2 - 329*v + 9. What is k(-33)?
-24
Let a(n) = 156*n + 10289. What is a(-66)?
-7
Let o(f) = -3*f**2 - 676*f + 3214. Calculate o(-230).
-6
Let u(g) = 43*g - 3201. Determine u(75).
24
Let a(g) = g**3 - 39*g**2 - 51*g + 319. Calculate a(40).
-121
Let m(o) = -2*o**3 - 24*o**2 + 3*o - 61. Calculate m(-12).
-97
Let i(b) = -70*b + 29. Determine i(1).
-41
Let n(g) = -1904*g + 15241. Calculate n(8).
9
Let j(o) = -2*o**2 - 9*o + 5. What is j(-7)?
-30
Let s(v) = -v**2 - 32*v - 50. Calculate s(-27).
85
Let d(x) = -2*x**2 - 15*x + 34. Give d(-9).
7
Let b(s) = 79*s + 5. What is b(1)?
84
Let r(k) = 2*k**2 - 7*k - 305. Calculate r(16).
95
Let t(h) = -h**3 - 21*h**2 - 21*h + 28. Determine t(-19).
-295
Let c(m) = 15*m + 797. Determine c(-53).
2
Let j(n) = -10*n**2 + 23*n + 41. What is j(-2)?
-45
Let d(u) = 4*u**2 - 102*u + 39. Give d(24).
-105
Let l(k) = -k**2 - 42*k + 545. Determine l(-53).
-38
Let m(z) = 47*z - 122. Determine m(2).
-28
Let a(f) = 13*f**2 - 187*f - 15. Calculate a(15).
105
Let d(x) = 336*x + 11088. Calculate d(-33).
0
Let t(d) = -d**2 - 115*d - 1584. Calculate t(-17).
82
Let p(u) = -1070*u + 2300. What is p(2)?
160
Let z(x) = -5*x**2 - 15*x + 269. Give z(6).
-1
Let o(d) = 62*d - 856. Determine o(24).
632
Let v(l) = 4*l**3 + 25*l**2 + 17*l + 2. Calculate v(-5).
42
Let y(a) = -67*a - 729. Determine y(-11).
8
Let w(k) = -141*k + 3648. Give w(26).
-18
Let l(p) = -39*p**2 - 591*p + 25. Determine l(-15).
115
Let z(q) = 31*q**2 + 7*q. What is z(1)?
38
Let x(v) = -118*v + 441. Calculate x(5).
-149
Let v(h) = -2*h**2 + 359*h - 15067. Give v(67).
8
Let b(i) = -4*i**2 - 29*i + 15. What is b(-8)?
-9
Let t(c) = -110*c + 2402. Calculate t(22).
-18
Let o(i) = -4*i**3 + 2*i**2 + i + 11. Give o(-2).
49
Let q(k) = 5180*k + 88060. What is q(-17)?
0
Let g(r) = 11*r**3 - 6*r**2 + 4*r + 7. Calculate g(2).
79
Let m(s) = s**2 - 16*s - 13. Determine m(19).
44
Let v(x) = -x**2 + 13*x + 368. Give v(30).
-142
Let z(j) = -j**2 - 29*j + 986. Calculate z(20).
6
Let y(f) = -f**3 - 8*f**2 - 7*f - 4. Determine y(-5).
-44
Let v(m) = m + 91. Give v(-1).
90
Let p(i) = 9*i + 127. What is p(-24)?
-89
Let o(z) = z**3 + 10*z**2 - 144*z - 1012. Determine o(-6).
-4
Let w(c) = 18*c - 258. What is w(14)?
-6
Let u(c) = -17*c + 478. Give u(29).
-15
Let i(p) = 139*p + 2162. Determine i(-15).
77
Let r(q) = 60*q - 6106. Give r(102).
14
Let s(t) = 4*t**3 - 5*t**2 - 4*t + 76. Calculate s(6).
736
Let w(v) = -v**3 - 4*v**2 + 4*v - 19. What is w(-11)?
784
Let s(c) = 2*c - 315. What is s(32)?
-251
Let c(m) = 2013*m + 46291. Calculate c(-23).
-8
Let y(x) = 3*x**3 + 4*x**2 - 23*x + 1. Calculate y(-6).
-365
Let j(y) = -355*y + 45. Give j(0).
45
Let t(m) = m - 48. Calculate t(3).
-45
Let r(c) = 124*c + 144. Give r(-1).
20
Let z(k) = 13*k + 66. Give z(12).
222
Let p(c) = c**3 + 10*c**2 + 102*c + 469. What is p(-6)?
1
Let w(z) = -z**2 + 81*z - 1485. What is w(53)?
-1
Let a(j) = -35*j + 293. Calculate a(8).
13
Let k(v) = -v**2 - 400*v - 2749. What is k(-7)?
2
Let l(w) = w**3 + 38*w**2 + 247*w + 23. Determine l(-8).
-33
Let j(r) = r**3 - 18*r**2 + 11*r - 33. What is j(16)?
-369
Let o(j) = 940*j - 942. Determine o(1).
-2
Let h(z) = -488*z - 10728. Give h(-22).
8
Let h(x) = 2*x**3 + 12*x**2 - 149*x + 37. Give h(6).
7
Let q(p) = 20*p - 66. Calculate q(-5).
-166
Let z(o) = -3*o**3 - 446*o**2 - 299*o - 456. What is z(-148)?
-12
Let a(k) = 818*k + 3779. Determine a(-5).
-311
Let d(n) = n**3 - 30*n**2 - 177*n + 4533. What is d(31)?
7
Let o(n) = n**2 + 60*n - 330. Give o(5).
-5
Let z(a) = -a**3 - 3*a**2 + 17*a - 4. Determine z(0).
-4
Let o(x) = 224*x**3 + 5*x**2 - 5*x. Give o(1).
224
Let d(n) = -2*n**3 + 229*n**2 + 112*n + 350. What is d(115)?
5
Let b(v) = 8*v**3 + 91*v**2 - 66*v - 25. Calculate b(-12).
47
Let t(d) = d**3 - 6*d**2 - 13*d + 47. Give t(6).
-31
Let z(n) = 329*n + 14488. What is z(-44)?
12
Let f(n) = -2*n**3 + 15*n**2 + 27*n + 4. Calculate f(9).
4
Let p(y) = 1582*y + 3168. Determine p(-2).
4
Let r(i) = -3873*i - 11619. What is r(-3)?
0
Let k(w) = w**3 + 9*w**2 + 22*w + 27. Calculate k(-2).
11
Let c(j) = -15*j - 268. Determine c(-18).
2
Let c(q) = -2*q**3 - 44*q**2 - 44*q - 44. What is c(-21)?
-2
Let r(h) = -h**3 + 5*h**2 + 352*h - 1077. Give r(3).
-3
Let q(u) = 40*u + 824. Determine q(-18).
104
Let b(a) = 2*a**2 + 97*a - 2170. Calculate b(-65).
-25
Let g(l) = l**2 - 35*l + 195. Give g(26).
-39
Let z(o) = -8*o**2 - o - 42. Give z(-5).
-237
Let a(f) = f**2 - 36*f + 155. Determine a(30).
-25
Let o(b)